{"id":169,"date":"2022-09-10T15:22:26","date_gmt":"2022-09-10T13:22:26","guid":{"rendered":"http:\/\/www.justimpro.info\/?page_id=169"},"modified":"2026-09-02T18:16:43","modified_gmt":"2026-09-02T16:16:43","slug":"nos-actualites","status":"publish","type":"page","link":"https:\/\/www.justimpro.info\/index.php\/happy-impro\/nos-actualites\/","title":{"rendered":"Nos actualit\u00e9s"},"content":{"rendered":"\n<p class=\"wp-block-paragraph\"><strong><mark style=\"background-color:rgba(0, 0, 0, 0)\" class=\"has-inline-color has-vivid-red-color\">Et si vous passiez sur notre stand !!!<\/mark><\/strong><\/p>\n\n\n<div class=\"wp-block-image\">\n<figure class=\"aligncenter size-large is-resized\"><img loading=\"lazy\" decoding=\"async\" width=\"768\" height=\"1024\" src=\"https:\/\/www.justimpro.info\/wp-content\/uploads\/2026\/09\/IMG_5040-768x1024.jpeg\" alt=\"\" class=\"wp-image-1405\" style=\"aspect-ratio:0.750008693535487;width:344px;height:auto\" srcset=\"https:\/\/www.justimpro.info\/wp-content\/uploads\/2026\/09\/IMG_5040-768x1024.jpeg 768w, https:\/\/www.justimpro.info\/wp-content\/uploads\/2026\/09\/IMG_5040-225x300.jpeg 225w, https:\/\/www.justimpro.info\/wp-content\/uploads\/2026\/09\/IMG_5040-1152x1536.jpeg 1152w, https:\/\/www.justimpro.info\/wp-content\/uploads\/2026\/09\/IMG_5040-1536x2048.jpeg 1536w, https:\/\/www.justimpro.info\/wp-content\/uploads\/2026\/09\/IMG_5040-scaled.jpeg 1920w\" sizes=\"auto, (max-width: 767px) 89vw, (max-width: 1000px) 54vw, (max-width: 1071px) 543px, 580px\" \/><\/figure>\n<\/div>\n\n\n<p class=\"wp-block-paragraph\"><mark style=\"background-color:rgba(0, 0, 0, 0)\" class=\"has-inline-color has-vivid-red-color\"><strong>Le Vendredi 4 septembre \u00e0 partir de 16H30<\/strong><\/mark> au Fort de St P\u00e8re pour le forum des associations du SIVU<\/p>\n\n\n\n<p class=\"wp-block-paragraph\"><mark style=\"background-color:rgba(0, 0, 0, 0)\" class=\"has-inline-color has-vivid-red-color\"><strong>Le samedi 5 septembre \u00e0 partir de 9H30<\/strong> <\/mark>au village des associations de St Malo &#8211; Complexe sportif de Marville (entr\u00e9e par l&rsquo;avenue de Marville)<\/p>\n\n\n\n<p class=\"wp-block-paragraph\">Y\u2019aura des chaises, une table et on pourra faire connaissance et si vous avez des questions\u2026<\/p>\n\n\n\n<p class=\"wp-block-paragraph\">A bient\u00f4t<\/p>\n\n\n\n<p class=\"wp-block-paragraph\"><\/p>\n","protected":false},"excerpt":{"rendered":"<p>Et si vous passiez sur notre stand !!! Le Vendredi 4 septembre \u00e0 partir de 16H30 au Fort de St P\u00e8re pour le forum des associations du SIVU Le samedi 5 septembre \u00e0 partir de 9H30 au village des associations de St Malo &#8211; Complexe sportif de Marville (entr\u00e9e par l&rsquo;avenue de Marville) Y\u2019aura des &hellip; <\/p>\n<p class=\"link-more\"><a href=\"https:\/\/www.justimpro.info\/index.php\/happy-impro\/nos-actualites\/\" class=\"more-link\">Continuer la lecture<span class=\"screen-reader-text\"> de &laquo;&nbsp;Nos actualit\u00e9s&nbsp;&raquo;<\/span><\/a><\/p>\n","protected":false},"author":1,"featured_media":0,"parent":740,"menu_order":0,"comment_status":"closed","ping_status":"closed","template":"","meta":{"footnotes":""},"class_list":["post-169","page","type-page","status-publish","hentry"],"_links":{"self":[{"href":"https:\/\/www.justimpro.info\/index.php\/wp-json\/wp\/v2\/pages\/169","targetHints":{"allow":["GET"]}}],"collection":[{"href":"https:\/\/www.justimpro.info\/index.php\/wp-json\/wp\/v2\/pages"}],"about":[{"href":"https:\/\/www.justimpro.info\/index.php\/wp-json\/wp\/v2\/types\/page"}],"author":[{"embeddable":true,"href":"https:\/\/www.justimpro.info\/index.php\/wp-json\/wp\/v2\/users\/1"}],"replies":[{"embeddable":true,"href":"https:\/\/www.justimpro.info\/index.php\/wp-json\/wp\/v2\/comments?post=169"}],"version-history":[{"count":54,"href":"https:\/\/www.justimpro.info\/index.php\/wp-json\/wp\/v2\/pages\/169\/revisions"}],"predecessor-version":[{"id":1414,"href":"https:\/\/www.justimpro.info\/index.php\/wp-json\/wp\/v2\/pages\/169\/revisions\/1414"}],"up":[{"embeddable":true,"href":"https:\/\/www.justimpro.info\/index.php\/wp-json\/wp\/v2\/pages\/740"}],"wp:attachment":[{"href":"https:\/\/www.justimpro.info\/index.php\/wp-json\/wp\/v2\/media?parent=169"}],"curies":[{"name":"wp","href":"https:\/\/api.w.org\/{rel}","templated":true}]}}

Nos actualités

<p class="wp-block-paragraph"><strong><mark style="background-color:rgba(0, 0, 0, 0)" class="has-inline-color has-vivid-red-color">Et si vous passiez sur notre stand !!!</mark></strong></p>


<div class="wp-block-image">
<figure class="aligncenter size-large is-resized"><img loading="lazy" decoding="async" width="768" height="1024" src="https://www.justimpro.info/wp-content/uploads/2026/09/IMG_5040-768x1024.jpeg" alt="" class="wp-image-1405" style="aspect-ratio:0.750008693535487;width:344px;height:auto" srcset="https://www.justimpro.info/wp-content/uploads/2026/09/IMG_5040-768x1024.jpeg 768w, https://www.justimpro.info/wp-content/uploads/2026/09/IMG_5040-225x300.jpeg 225w, https://www.justimpro.info/wp-content/uploads/2026/09/IMG_5040-1152x1536.jpeg 1152w, https://www.justimpro.info/wp-content/uploads/2026/09/IMG_5040-1536x2048.jpeg 1536w, https://www.justimpro.info/wp-content/uploads/2026/09/IMG_5040-scaled.jpeg 1920w" sizes="auto, (max-width: 767px) 89vw, (max-width: 1000px) 54vw, (max-width: 1071px) 543px, 580px" /></figure>
</div>


<p class="wp-block-paragraph"><mark style="background-color:rgba(0, 0, 0, 0)" class="has-inline-color has-vivid-red-color"><strong>Le Vendredi 4 septembre à partir de 16H30</strong></mark> au Fort de St Père pour le forum des associations du SIVU</p>



<p class="wp-block-paragraph"><mark style="background-color:rgba(0, 0, 0, 0)" class="has-inline-color has-vivid-red-color"><strong>Le samedi 5 septembre à partir de 9H30</strong> </mark>au village des associations de St Malo &#8211; Complexe sportif de Marville (entrée par l&rsquo;avenue de Marville)</p>



<p class="wp-block-paragraph">Y’aura des chaises, une table et on pourra faire connaissance et si vous avez des questions…</p>



<p class="wp-block-paragraph">A bientôt</p>



<p class="wp-block-paragraph"></p>

<p>Et si vous passiez sur notre stand !!! Le Vendredi 4 septembre à partir de 16H30 au Fort de St Père pour le forum des associations du SIVU Le samedi 5 septembre à partir de 9H30 au village des associations de St Malo &#8211; Complexe sportif de Marville (entrée par l&rsquo;avenue de Marville) Y’aura des &hellip; </p>
<p class="link-more"><a href="https://www.justimpro.info/index.php/happy-impro/nos-actualites/" class="more-link">Continuer la lecture<span class="screen-reader-text"> de &laquo;&nbsp;Nos actualités&nbsp;&raquo;</span></a></p>
